{"id":1271,"date":"2025-09-29T02:43:59","date_gmt":"2025-09-29T00:43:59","guid":{"rendered":"https:\/\/d-cosmetics.com\/ericsonlaboratoire\/?post_type=product&#038;p=1271"},"modified":"2025-09-29T02:49:00","modified_gmt":"2025-09-29T00:49:00","slug":"hydra-comfort-hidrantna-krema-pro","status":"publish","type":"product","link":"https:\/\/d-cosmetics.com\/ericsonlaboratoire\/product\/hydra-comfort-hidrantna-krema-pro\/","title":{"rendered":"HYDRA-COMFORT HIDRANTNA KREMA (PRO)"},"content":{"rendered":"<p>[et_pb_section fb_built=&#8220;1&#8243; _builder_version=&#8220;4.27.4&#8243; _module_preset=&#8220;default&#8220; global_colors_info=&#8220;{}&#8220;][\/et_pb_section]<\/p>\n","protected":false},"excerpt":{"rendered":"<p>Hidrantna krema za osetljivu ko\u017eu.<\/p>\n<p><a href=\"https:\/\/d-cosmetics.com\/ericsonlaboratoire\/product\/biom-box-4-tretmana\/\">U profesionalnom setu E1173<\/a><\/p>\n<p>EFIKASNOST<\/p>\n<ul>\n<li>Manje reaktivna ko\u017ea 95%<\/li>\n<li>Hidrirana ko\u017ea 90%<\/li>\n<li>Smanjeno crvenilo 95%<\/li>\n<li>Umirena zategnutost 95%<\/li>\n<li>Smanjen ose\u0107aj toplote 95%<\/li>\n<\/ul>\n","protected":false},"featured_media":1272,"comment_status":"closed","ping_status":"closed","template":"","meta":{"_seopress_robots_primary_cat":"none","_seopress_titles_title":"","_seopress_titles_desc":"Dvofazni umiruju\u0107i serum, pru\u017ea ultra-umirujuc\u0301e dejstvo i ja\u010da ko\u017enu barijeru. Inovativna, nemasna dvofazna formula se stapa sa ko\u017eom i pru\u017ea mekoc\u0301u i blistavost.","_seopress_robots_index":"","_et_pb_use_builder":"on","_et_pb_old_content":"Ova krema, obogac\u0301ena salvianolnom kiselinom, niacinamidom i ekstraktom ginsenga, nudi umirujuc\u0301a, antioksidativna i hidratantna svojstva. Ja\u010da ko\u017enu barijeru i podr\u017eava mikrobiotu. Ko\u017ea je odmah mekana i hidrirana. Njena lagana tekstura,ujedna\u010dava ten i ostavlja bar\u0161unast, elasti\u010dn i blistav izgled.","_et_gb_content_width":"","inline_featured_image":false},"product_brand":[],"product_cat":[170],"product_tag":[102],"class_list":{"0":"post-1271","1":"product","2":"type-product","3":"status-publish","4":"has-post-thumbnail","6":"product_cat-biom-sensitive","7":"product_tag-profesionalni-proizvod","9":"first","10":"instock","11":"taxable","12":"shipping-taxable","13":"product-type-simple"},"_links":{"self":[{"href":"https:\/\/d-cosmetics.com\/ericsonlaboratoire\/wp-json\/wp\/v2\/product\/1271","targetHints":{"allow":["GET"]}}],"collection":[{"href":"https:\/\/d-cosmetics.com\/ericsonlaboratoire\/wp-json\/wp\/v2\/product"}],"about":[{"href":"https:\/\/d-cosmetics.com\/ericsonlaboratoire\/wp-json\/wp\/v2\/types\/product"}],"replies":[{"embeddable":true,"href":"https:\/\/d-cosmetics.com\/ericsonlaboratoire\/wp-json\/wp\/v2\/comments?post=1271"}],"wp:featuredmedia":[{"embeddable":true,"href":"https:\/\/d-cosmetics.com\/ericsonlaboratoire\/wp-json\/wp\/v2\/media\/1272"}],"wp:attachment":[{"href":"https:\/\/d-cosmetics.com\/ericsonlaboratoire\/wp-json\/wp\/v2\/media?parent=1271"}],"wp:term":[{"taxonomy":"product_brand","embeddable":true,"href":"https:\/\/d-cosmetics.com\/ericsonlaboratoire\/wp-json\/wp\/v2\/product_brand?post=1271"},{"taxonomy":"product_cat","embeddable":true,"href":"https:\/\/d-cosmetics.com\/ericsonlaboratoire\/wp-json\/wp\/v2\/product_cat?post=1271"},{"taxonomy":"product_tag","embeddable":true,"href":"https:\/\/d-cosmetics.com\/ericsonlaboratoire\/wp-json\/wp\/v2\/product_tag?post=1271"}],"curies":[{"name":"wp","href":"https:\/\/api.w.org\/{rel}","templated":true}]}}