{"id":1276,"date":"2025-09-29T09:54:55","date_gmt":"2025-09-29T07:54:55","guid":{"rendered":"https:\/\/d-cosmetics.com\/ericsonlaboratoire\/?post_type=product&#038;p=1276"},"modified":"2025-09-29T09:59:05","modified_gmt":"2025-09-29T07:59:05","slug":"nutri-balance-hranjiva-krema","status":"publish","type":"product","link":"https:\/\/d-cosmetics.com\/ericsonlaboratoire\/product\/nutri-balance-hranjiva-krema\/","title":{"rendered":"NUTRI-BALANCE HRANJIVA KREMA"},"content":{"rendered":"<p>[et_pb_section fb_built=&#8220;1&#8243; _builder_version=&#8220;4.27.4&#8243; _module_preset=&#8220;default&#8220; global_colors_info=&#8220;{}&#8220;][\/et_pb_section]<\/p>\n","protected":false},"excerpt":{"rendered":"<p>Hidrantna krema za osetljivu ko\u017eu.<\/p>\n<p>EFIKASNOST<\/p>\n<ul>\n<li>Umiruju\u0107i efekat 100%<\/li>\n<li>Prehranjena ko\u017ea 95%<\/li>\n<li>Smanjeno crvenilo 95%<\/li>\n<li>Ja\u010da barijera 91%<\/li>\n<li>Smanjena zategnutost 100%<\/li>\n<\/ul>\n","protected":false},"featured_media":1277,"comment_status":"closed","ping_status":"closed","template":"","meta":{"_seopress_robots_primary_cat":"none","_seopress_titles_title":"","_seopress_titles_desc":"Krema oboga\u0107ena salvianolnom kiselinom, kombinuje fermentisani postbiotski ekstrakt zlatnog prosa sa biolipidnim kompleksom za hidrataciju, ja\u010danje ko\u017ene barijere i podr\u0161ci mikrobioma. Umiruje i hrani, osetljivu i suvu ko\u017eu.","_seopress_robots_index":"","_et_pb_use_builder":"on","_et_pb_old_content":"Ova krema oboga\u0107ena salvianolnom kiselinom, kombinuje fermentisani postbiotski ekstrakt zlatnog prosa sa biolipidnim kompleksom za hidrataciju, ja\u010danje ko\u017ene barijere i podr\u0161ci mikrobioma. Umiruje i hrani, osetljivu i suvu ko\u017eu.","_et_gb_content_width":"","inline_featured_image":false},"product_brand":[],"product_cat":[170],"product_tag":[103],"class_list":{"0":"post-1276","1":"product","2":"type-product","3":"status-publish","4":"has-post-thumbnail","6":"product_cat-biom-sensitive","7":"product_tag-kucna-nega","9":"first","10":"instock","11":"taxable","12":"shipping-taxable","13":"product-type-simple"},"_links":{"self":[{"href":"https:\/\/d-cosmetics.com\/ericsonlaboratoire\/wp-json\/wp\/v2\/product\/1276","targetHints":{"allow":["GET"]}}],"collection":[{"href":"https:\/\/d-cosmetics.com\/ericsonlaboratoire\/wp-json\/wp\/v2\/product"}],"about":[{"href":"https:\/\/d-cosmetics.com\/ericsonlaboratoire\/wp-json\/wp\/v2\/types\/product"}],"replies":[{"embeddable":true,"href":"https:\/\/d-cosmetics.com\/ericsonlaboratoire\/wp-json\/wp\/v2\/comments?post=1276"}],"wp:featuredmedia":[{"embeddable":true,"href":"https:\/\/d-cosmetics.com\/ericsonlaboratoire\/wp-json\/wp\/v2\/media\/1277"}],"wp:attachment":[{"href":"https:\/\/d-cosmetics.com\/ericsonlaboratoire\/wp-json\/wp\/v2\/media?parent=1276"}],"wp:term":[{"taxonomy":"product_brand","embeddable":true,"href":"https:\/\/d-cosmetics.com\/ericsonlaboratoire\/wp-json\/wp\/v2\/product_brand?post=1276"},{"taxonomy":"product_cat","embeddable":true,"href":"https:\/\/d-cosmetics.com\/ericsonlaboratoire\/wp-json\/wp\/v2\/product_cat?post=1276"},{"taxonomy":"product_tag","embeddable":true,"href":"https:\/\/d-cosmetics.com\/ericsonlaboratoire\/wp-json\/wp\/v2\/product_tag?post=1276"}],"curies":[{"name":"wp","href":"https:\/\/api.w.org\/{rel}","templated":true}]}}