{"id":1278,"date":"2025-09-29T10:01:03","date_gmt":"2025-09-29T08:01:03","guid":{"rendered":"https:\/\/d-cosmetics.com\/ericsonlaboratoire\/?post_type=product&#038;p=1278"},"modified":"2025-09-29T10:03:47","modified_gmt":"2025-09-29T08:03:47","slug":"mikro-piling-puder-pro","status":"publish","type":"product","link":"https:\/\/d-cosmetics.com\/ericsonlaboratoire\/product\/mikro-piling-puder-pro\/","title":{"rendered":"MIKRO PILING PUDER (PRO)"},"content":{"rendered":"<p>[et_pb_section fb_built=&#8220;1&#8243; _builder_version=&#8220;4.27.4&#8243; _module_preset=&#8220;default&#8220; global_colors_info=&#8220;{}&#8220;][\/et_pb_section]<\/p>\n","protected":false},"excerpt":{"rendered":"<p>Mikro piling za osetljivu ko\u017eu.<\/p>\n<p><a href=\"https:\/\/d-cosmetics.com\/ericsonlaboratoire\/product\/biom-box-4-tretmana\/\">U profesionalnom setu E1173<\/a><\/p>\n","protected":false},"featured_media":1279,"comment_status":"closed","ping_status":"closed","template":"","meta":{"_seopress_robots_primary_cat":"none","_seopress_titles_title":"","_seopress_titles_desc":"Mikro-piling u prahu za profesionalnu upotrebu, dizajniran za eksfolijaciju osetljive ko\u017ee bez iritacije.","_seopress_robots_index":"","_et_pb_use_builder":"on","_et_pb_old_content":"Mikro-piling u prahu za profesionalnu upotrebu, dizajniran za eksfolijaciju osetljive ko\u017ee bez iritacije. Njegova ne\u017ena mineralna baza i umirujuc\u0301i aktivni sastojci uklanjaju mrtve c\u0301elije ko\u017ee, po\u0161tujuc\u0301i ko\u017enu barijeru i mikrobiom. Tekstura ko\u017ee je pro\u010di\u0161c\u0301ena, ten revitalizovan, ostavljajuc\u0301i ko\u017eu vidljivo zdravijom.","_et_gb_content_width":"","inline_featured_image":false},"product_brand":[],"product_cat":[170],"product_tag":[102],"class_list":{"0":"post-1278","1":"product","2":"type-product","3":"status-publish","4":"has-post-thumbnail","6":"product_cat-biom-sensitive","7":"product_tag-profesionalni-proizvod","9":"first","10":"instock","11":"taxable","12":"shipping-taxable","13":"product-type-simple"},"_links":{"self":[{"href":"https:\/\/d-cosmetics.com\/ericsonlaboratoire\/wp-json\/wp\/v2\/product\/1278","targetHints":{"allow":["GET"]}}],"collection":[{"href":"https:\/\/d-cosmetics.com\/ericsonlaboratoire\/wp-json\/wp\/v2\/product"}],"about":[{"href":"https:\/\/d-cosmetics.com\/ericsonlaboratoire\/wp-json\/wp\/v2\/types\/product"}],"replies":[{"embeddable":true,"href":"https:\/\/d-cosmetics.com\/ericsonlaboratoire\/wp-json\/wp\/v2\/comments?post=1278"}],"wp:featuredmedia":[{"embeddable":true,"href":"https:\/\/d-cosmetics.com\/ericsonlaboratoire\/wp-json\/wp\/v2\/media\/1279"}],"wp:attachment":[{"href":"https:\/\/d-cosmetics.com\/ericsonlaboratoire\/wp-json\/wp\/v2\/media?parent=1278"}],"wp:term":[{"taxonomy":"product_brand","embeddable":true,"href":"https:\/\/d-cosmetics.com\/ericsonlaboratoire\/wp-json\/wp\/v2\/product_brand?post=1278"},{"taxonomy":"product_cat","embeddable":true,"href":"https:\/\/d-cosmetics.com\/ericsonlaboratoire\/wp-json\/wp\/v2\/product_cat?post=1278"},{"taxonomy":"product_tag","embeddable":true,"href":"https:\/\/d-cosmetics.com\/ericsonlaboratoire\/wp-json\/wp\/v2\/product_tag?post=1278"}],"curies":[{"name":"wp","href":"https:\/\/api.w.org\/{rel}","templated":true}]}}