{"id":1280,"date":"2025-09-29T10:04:15","date_gmt":"2025-09-29T08:04:15","guid":{"rendered":"https:\/\/d-cosmetics.com\/ericsonlaboratoire\/?post_type=product&#038;p=1280"},"modified":"2025-09-29T10:09:49","modified_gmt":"2025-09-29T08:09:49","slug":"instant-obnavljajuca-maska","status":"publish","type":"product","link":"https:\/\/d-cosmetics.com\/ericsonlaboratoire\/product\/instant-obnavljajuca-maska\/","title":{"rendered":"INSTANT OBNAVLJAJU\u0106A MASKA"},"content":{"rendered":"<p>[et_pb_section fb_built=&#8220;1&#8243; _builder_version=&#8220;4.27.4&#8243; _module_preset=&#8220;default&#8220; global_colors_info=&#8220;{}&#8220;][\/et_pb_section]<\/p>\n","protected":false},"excerpt":{"rendered":"<p>Ova obnavljaju\u0107a maska, dubinski hidrira, umiruje i ja\u010da ko\u017enu barijeru, dok istovremeno rebalansira mikrobiotu<\/p>\n<p>EFIKASNOST<\/p>\n<ul>\n<li>Trenutni umiruju\u0107i efekat 91%<\/li>\n<li>Smanjenje iritacije 100%<\/li>\n<li>Trenutni obnavljaju\u0107i efekat 86%<\/li>\n<li>Regenerisana ko\u017ea 95%<\/li>\n<li>Osve\u017eavaju\u0107e 77%<\/li>\n<\/ul>\n","protected":false},"featured_media":1281,"comment_status":"closed","ping_status":"closed","template":"","meta":{"_seopress_robots_primary_cat":"none","_seopress_titles_title":"","_seopress_titles_desc":"Dvofazni umiruju\u0107i serum, pru\u017ea ultra-umirujuc\u0301e dejstvo i ja\u010da ko\u017enu barijeru. Inovativna, nemasna dvofazna formula se stapa sa ko\u017eom i pru\u017ea mekoc\u0301u i blistavost.","_seopress_robots_index":"","_et_pb_use_builder":"on","_et_pb_old_content":"Ova obnavljaju\u0107a maska, obogac\u0301ena salvianolnom kiselinom i fermentisanim ekstraktom severne pe\u010durke, dubinski hidrira, umiruje i ja\u010da ko\u017enu barijeru, dok istovremeno rebalansira mikrobiotu. Njen osve\u017eavajuc\u0301i efekat poma\u017ee u sni\u017eavanju temperature ko\u017ee, trenutno ubla\u017eavajuc\u0301i osec\u0301aj toplote i nelagodnosti. Njena bogata tekstura obnavija ko\u017eu, pru\u017eajuc\u0301i momentalno umiruju\u0107e dejstvo.","_et_gb_content_width":"","inline_featured_image":false},"product_brand":[],"product_cat":[170],"product_tag":[103],"class_list":{"0":"post-1280","1":"product","2":"type-product","3":"status-publish","4":"has-post-thumbnail","6":"product_cat-biom-sensitive","7":"product_tag-kucna-nega","9":"first","10":"instock","11":"taxable","12":"shipping-taxable","13":"product-type-simple"},"_links":{"self":[{"href":"https:\/\/d-cosmetics.com\/ericsonlaboratoire\/wp-json\/wp\/v2\/product\/1280","targetHints":{"allow":["GET"]}}],"collection":[{"href":"https:\/\/d-cosmetics.com\/ericsonlaboratoire\/wp-json\/wp\/v2\/product"}],"about":[{"href":"https:\/\/d-cosmetics.com\/ericsonlaboratoire\/wp-json\/wp\/v2\/types\/product"}],"replies":[{"embeddable":true,"href":"https:\/\/d-cosmetics.com\/ericsonlaboratoire\/wp-json\/wp\/v2\/comments?post=1280"}],"wp:featuredmedia":[{"embeddable":true,"href":"https:\/\/d-cosmetics.com\/ericsonlaboratoire\/wp-json\/wp\/v2\/media\/1281"}],"wp:attachment":[{"href":"https:\/\/d-cosmetics.com\/ericsonlaboratoire\/wp-json\/wp\/v2\/media?parent=1280"}],"wp:term":[{"taxonomy":"product_brand","embeddable":true,"href":"https:\/\/d-cosmetics.com\/ericsonlaboratoire\/wp-json\/wp\/v2\/product_brand?post=1280"},{"taxonomy":"product_cat","embeddable":true,"href":"https:\/\/d-cosmetics.com\/ericsonlaboratoire\/wp-json\/wp\/v2\/product_cat?post=1280"},{"taxonomy":"product_tag","embeddable":true,"href":"https:\/\/d-cosmetics.com\/ericsonlaboratoire\/wp-json\/wp\/v2\/product_tag?post=1280"}],"curies":[{"name":"wp","href":"https:\/\/api.w.org\/{rel}","templated":true}]}}