{"id":80,"date":"2024-09-04T06:18:40","date_gmt":"2024-09-04T04:18:40","guid":{"rendered":"https:\/\/d-cosmetics.com\/?page_id=80"},"modified":"2025-04-19T12:30:36","modified_gmt":"2025-04-19T10:30:36","slug":"naslovna","status":"publish","type":"page","link":"https:\/\/d-cosmetics.com\/juliettearmand\/","title":{"rendered":"Naslovna"},"content":{"rendered":"<p>[et_pb_section fb_built=&#8220;1&#8243; fullwidth=&#8220;on&#8220; disabled_on=&#8220;on|on|off&#8220; _builder_version=&#8220;4.27.4&#8243; _module_preset=&#8220;default&#8220; border_width_bottom=&#8220;5px&#8220; border_color_bottom=&#8220;#D6D6D6&#8243; global_colors_info=&#8220;{}&#8220;][et_pb_nextend_smart_slider_3_fullwidth slider=&#8220;6&#8243; _builder_version=&#8220;4.27.4&#8243; _module_preset=&#8220;default&#8220; global_colors_info=&#8220;{}&#8220; hover_enabled=&#8220;0&#8243; sticky_enabled=&#8220;0&#8243;][\/et_pb_nextend_smart_slider_3_fullwidth][\/et_pb_section][et_pb_section fb_built=&#8220;1&#8243; _builder_version=&#8220;4.27.2&#8243; _module_preset=&#8220;default&#8220; background_color=&#8220;#FFFFFF&#8220; custom_padding=&#8220;50px|||||&#8220; border_width_bottom=&#8220;5px&#8220; border_color_bottom=&#8220;#D6D6D6&#8243; global_colors_info=&#8220;{}&#8220;][et_pb_row _builder_version=&#8220;4.27.2&#8243; _module_preset=&#8220;default&#8220; global_colors_info=&#8220;{}&#8220;][et_pb_column type=&#8220;4_4&#8243; _builder_version=&#8220;4.27.2&#8243; _module_preset=&#8220;default&#8220; global_colors_info=&#8220;{}&#8220;][et_pb_heading title=&#8220;Najbolji brend 2022 &#038; 2023&#8243; _builder_version=&#8220;4.27.2&#8243; _module_preset=&#8220;default&#8220; title_text_align=&#8220;center&#8220; title_font_size=&#8220;36px&#8220; global_colors_info=&#8220;{}&#8220;][\/et_pb_heading][et_pb_text _builder_version=&#8220;4.27.2&#8243; _module_preset=&#8220;default&#8220; text_font_size=&#8220;17px&#8220; global_colors_info=&#8220;{}&#8220;]<\/p>\n<p style=\"text-align: center;\">Najbolja &#8222;Made in Greece&#8220; kozmetika 2022<\/p>\n<p>[\/et_pb_text][et_pb_image src=&#8220;https:\/\/d-cosmetics.com\/juliettearmand\/wp-content\/uploads\/sites\/9\/2024\/10\/Awards.webp&#8220; title_text=&#8220;Awards&#8220; align=&#8220;center&#8220; _builder_version=&#8220;4.27.2&#8243; _module_preset=&#8220;default&#8220; global_colors_info=&#8220;{}&#8220;][\/et_pb_image][\/et_pb_column][\/et_pb_row][\/et_pb_section][et_pb_section fb_built=&#8220;1&#8243; fullwidth=&#8220;on&#8220; _builder_version=&#8220;4.27.2&#8243; _module_preset=&#8220;default&#8220; border_color_top=&#8220;#D6D6D6&#8243; border_width_bottom=&#8220;10px&#8220; border_color_bottom=&#8220;RGBA(255,255,255,0)&#8220; global_colors_info=&#8220;{}&#8220;][et_pb_fullwidth_header _builder_version=&#8220;4.27.2&#8243; _module_preset=&#8220;default&#8220; background_color=&#8220;RGBA(255,255,255,0)&#8220; background_image=&#8220;https:\/\/d-cosmetics.com\/juliettearmand\/wp-content\/uploads\/sites\/9\/2024\/10\/Elements-Model-Banner-3840&#215;1400-1-1920&#215;700-1-1024&#215;373.jpg&#8220; parallax=&#8220;on&#8220; parallax_method=&#8220;on&#8220; custom_padding=&#8220;5%||5%||false|false&#8220; title_text_shadow_style=&#8220;preset1&#8243; global_colors_info=&#8220;{}&#8220;]<\/p>\n<h1>THE PERSONAL PROFESSIONAL COSMETICS<\/h1>\n<p><img decoding=\"async\" src=\"https:\/\/d-cosmetics.com\/juliettearmand\/wp-content\/uploads\/sites\/9\/2024\/10\/JA-Symbol-white-150x150.webp\" width=\"150\" height=\"150\" alt=\"\" class=\"wp-image-224645 alignleft size-thumbnail\" \/><\/p>\n<p>[\/et_pb_fullwidth_header][\/et_pb_section][et_pb_section fb_built=&#8220;1&#8243; _builder_version=&#8220;4.27.2&#8243; _module_preset=&#8220;default&#8220; custom_padding=&#8220;0px||0px|||&#8220; border_width_bottom=&#8220;10px&#8220; border_color_bottom=&#8220;RGBA(255,255,255,0)&#8220; global_colors_info=&#8220;{}&#8220;][et_pb_row column_structure=&#8220;1_4,1_4,1_4,1_4&#8243; _builder_version=&#8220;4.27.2&#8243; _module_preset=&#8220;default&#8220; background_position=&#8220;bottom_center&#8220; width=&#8220;100%&#8220; max_width=&#8220;1980px&#8220; custom_padding=&#8220;0px||0px|||&#8220; global_colors_info=&#8220;{}&#8220;][et_pb_column type=&#8220;1_4&#8243; _builder_version=&#8220;4.27.2&#8243; _module_preset=&#8220;default&#8220; background_image=&#8220;https:\/\/d-cosmetics.com\/juliettearmand\/wp-content\/uploads\/sites\/9\/2024\/10\/Elements_selector.webp&#8220; parallax=&#8220;on&#8220; custom_padding=&#8220;60px|20px|120px|20px|false|false&#8220; link_option_url=&#8220;\/juliettearmand\/product-category\/elements\/&#8220; border_color_all=&#8220;RGBA(255,255,255,0)&#8220; border_width_right=&#8220;5px&#8220; border_color_left=&#8220;#D6D6D6&#8243; global_colors_info=&#8220;{}&#8220;][et_pb_text _builder_version=&#8220;4.27.2&#8243; _module_preset=&#8220;default&#8220; text_font=&#8220;|600|||||||&#8220; text_text_color=&#8220;#474747&#8243; text_font_size=&#8220;18px&#8220; background_color=&#8220;rgba(214,214,214,0.65)&#8220; transform_translate=&#8220;0px|30%&#8220; transform_translate_linked=&#8220;off&#8220; custom_margin=&#8220;0px||||false|false&#8220; custom_padding=&#8220;5px|5px|5px|5px|false|false&#8220; global_colors_info=&#8220;{}&#8220;]<\/p>\n<h1>Elements<\/h1>\n<p>Kompletan profesionalni sistem za negu ko\u017ee sa inovativnom tehnologijom.<\/p>\n<p>[\/et_pb_text][\/et_pb_column][et_pb_column type=&#8220;1_4&#8243; _builder_version=&#8220;4.27.2&#8243; _module_preset=&#8220;default&#8220; background_image=&#8220;https:\/\/d-cosmetics.com\/juliettearmand\/wp-content\/uploads\/sites\/9\/2024\/10\/Ameson_selector.webp&#8220; parallax=&#8220;on&#8220; custom_padding=&#8220;60px|20px|120px|20px|false|false&#8220; link_option_url=&#8220;\/juliettearmand\/product-category\/ameson\/&#8220; border_width_right=&#8220;5px&#8220; border_color_right=&#8220;RGBA(255,255,255,0)&#8220; border_width_left=&#8220;5px&#8220; border_color_left=&#8220;RGBA(255,255,255,0)&#8220; global_colors_info=&#8220;{}&#8220;][et_pb_text _builder_version=&#8220;4.27.2&#8243; _module_preset=&#8220;default&#8220; text_font=&#8220;|600|||||||&#8220; text_text_color=&#8220;#474747&#8243; text_font_size=&#8220;18px&#8220; background_color=&#8220;rgba(214,214,214,0.65)&#8220; transform_scale_linked=&#8220;off&#8220; transform_translate=&#8220;0px|30%&#8220; transform_translate_linked=&#8220;off&#8220; custom_padding=&#8220;5px|5px|5px|5px|false|false&#8220; global_colors_info=&#8220;{}&#8220;]<\/p>\n<h1>Ameson<\/h1>\n<p>Kompletan profesionalni sistem za negu ko\u017ee sa inovativnom tehnologijom.<\/p>\n<p>[\/et_pb_text][\/et_pb_column][et_pb_column type=&#8220;1_4&#8243; _builder_version=&#8220;4.27.2&#8243; _module_preset=&#8220;default&#8220; background_image=&#8220;https:\/\/d-cosmetics.com\/juliettearmand\/wp-content\/uploads\/sites\/9\/2024\/10\/SkinBoosters_selector2.webp&#8220; parallax=&#8220;on&#8220; custom_padding=&#8220;60px|20px|120px|20px|false|false&#8220; link_option_url=&#8220;\/juliettearmand\/product-category\/skin-boosters\/&#8220; border_width_right=&#8220;5px&#8220; border_color_right=&#8220;RGBA(255,255,255,0)&#8220; border_width_left=&#8220;5px&#8220; border_color_left=&#8220;RGBA(255,255,255,0)&#8220; global_colors_info=&#8220;{}&#8220;][et_pb_text _builder_version=&#8220;4.27.2&#8243; _module_preset=&#8220;default&#8220; text_font=&#8220;|600|||||||&#8220; text_text_color=&#8220;#474747&#8243; text_font_size=&#8220;18px&#8220; background_color=&#8220;rgba(214,214,214,0.65)&#8220; transform_translate=&#8220;0px|30%&#8220; transform_translate_linked=&#8220;off&#8220; custom_padding=&#8220;5px|5px|5px|5px|false|false&#8220; global_colors_info=&#8220;{}&#8220;]<\/p>\n<h1>Skin Boosters<\/h1>\n<p>Kompletan profesionalni sistem za negu ko\u017ee sa inovativnom tehnologijom.<\/p>\n<p>[\/et_pb_text][\/et_pb_column][et_pb_column type=&#8220;1_4&#8243; _builder_version=&#8220;4.27.2&#8243; _module_preset=&#8220;default&#8220; background_image=&#8220;https:\/\/d-cosmetics.com\/juliettearmand\/wp-content\/uploads\/sites\/9\/2024\/10\/SunFilm_selector.webp&#8220; parallax=&#8220;on&#8220; custom_padding=&#8220;60px|20px|120px|20px|false|false&#8220; link_option_url=&#8220;\/juliettearmand\/product-category\/sun-film\/&#8220; border_width_right=&#8220;5px&#8220; border_color_right=&#8220;RGBA(255,255,255,0)&#8220; border_width_left=&#8220;5px&#8220; border_color_left=&#8220;RGBA(255,255,255,0)&#8220; global_colors_info=&#8220;{}&#8220;][et_pb_text _builder_version=&#8220;4.27.2&#8243; _module_preset=&#8220;default&#8220; text_font=&#8220;|600|||||||&#8220; text_text_color=&#8220;#474747&#8243; text_font_size=&#8220;18px&#8220; background_color=&#8220;rgba(214,214,214,0.65)&#8220; transform_translate=&#8220;0px|30%&#8220; transform_translate_linked=&#8220;off&#8220; custom_padding=&#8220;5px|5px|5px|5px|false|false&#8220; global_colors_info=&#8220;{}&#8220;]<\/p>\n<h1>Sun Film<\/h1>\n<p>Kompletan profesionalni sistem za negu ko\u017ee sa inovativnom tehnologijom.<\/p>\n<p>[\/et_pb_text][\/et_pb_column][\/et_pb_row][\/et_pb_section][et_pb_section fb_built=&#8220;1&#8243; admin_label=&#8220;Portfolio&#8220; _builder_version=&#8220;4.16&#8243; background_color=&#8220;#f8f5f3&#8243; background_enable_image=&#8220;off&#8220; custom_padding=&#8220;0vw||0vw||true|false&#8220; global_colors_info=&#8220;{}&#8220;][et_pb_row column_structure=&#8220;1_2,1_2&#8243; _builder_version=&#8220;4.16&#8243; _module_preset=&#8220;default&#8220; global_colors_info=&#8220;{}&#8220;][et_pb_column type=&#8220;1_2&#8243; _builder_version=&#8220;4.16&#8243; _module_preset=&#8220;default&#8220; global_colors_info=&#8220;{}&#8220;][et_pb_text _builder_version=&#8220;4.27.0&#8243; text_font=&#8220;Montserrat||||||||&#8220; text_font_size=&#8220;16px&#8220; text_line_height=&#8220;2em&#8220; max_width=&#8220;800px&#8220; text_font_size_tablet=&#8220;14px&#8220; text_font_size_phone=&#8220;14px&#8220; text_font_size_last_edited=&#8220;on|desktop&#8220; text_line_height_phone=&#8220;1.6em&#8220; text_line_height_last_edited=&#8220;off|desktop&#8220; locked=&#8220;off&#8220; global_colors_info=&#8220;{}&#8220;]<\/p>\n<p style=\"text-align: justify\">Od po\u010detka, na\u0161 princip je da nemamo kupce, ve\u0107 partnere. Va\u0161 uspeh je i na\u0161. Izborom najboljih brendova, mi obezbe\u0111ujemo kvalitet kojim \u0107ete Va\u0161im klijentima pru\u017eiti samo najbolju negu. Na\u0161 trening centar je otvoren za Vas da Vas obu\u010dimo, pomognemo i zajedno sa Vama pru\u017eimo Va\u0161im klijentima samo najbolje&#8230;<\/p>\n<p>[\/et_pb_text][et_pb_button button_url=&#8220;@ET-DC@eyJkeW5hbWljIjp0cnVlLCJjb250ZW50IjoicG9zdF9saW5rX3VybF9wYWdlIiwic2V0dGluZ3MiOnsicG9zdF9pZCI6IjIwOCJ9fQ==@&#8220; button_text=&#8220;Kontaktirajte nas&#8220; _builder_version=&#8220;4.27.0&#8243; _dynamic_attributes=&#8220;button_url&#8220; _module_preset=&#8220;default&#8220; global_colors_info=&#8220;{}&#8220;][\/et_pb_button][\/et_pb_column][et_pb_column type=&#8220;1_2&#8243; _builder_version=&#8220;4.16&#8243; _module_preset=&#8220;default&#8220; global_colors_info=&#8220;{}&#8220;][et_pb_image src=&#8220;https:\/\/d-cosmetics.com\/wp-content\/uploads\/2024\/09\/Oval.png&#8220; title_text=&#8220;Oval&#8220; _builder_version=&#8220;4.16&#8243; _module_preset=&#8220;default&#8220; positioning=&#8220;absolute&#8220; width=&#8220;100%&#8220; global_colors_info=&#8220;{}&#8220;][\/et_pb_image][\/et_pb_column][\/et_pb_row][\/et_pb_section][et_pb_section fb_built=&#8220;1&#8243; fullwidth=&#8220;on&#8220; _builder_version=&#8220;4.16&#8243; _module_preset=&#8220;default&#8220; background_color=&#8220;#f8f5f3&#8243; locked=&#8220;off&#8220; global_colors_info=&#8220;{}&#8220;][et_pb_fullwidth_image src=&#8220;https:\/\/d-cosmetics.com\/wp-content\/uploads\/2024\/09\/beauty-product-69.jpg&#8220; title_text=&#8220;beauty-product_69&#8243; _builder_version=&#8220;4.16&#8243; _module_preset=&#8220;default&#8220; global_colors_info=&#8220;{}&#8220;][\/et_pb_fullwidth_image][\/et_pb_section][et_pb_section fb_built=&#8220;1&#8243; admin_label=&#8220;About&#8220; _builder_version=&#8220;4.16&#8243; background_color=&#8220;#f8f5f3&#8243; background_enable_image=&#8220;off&#8220; global_colors_info=&#8220;{}&#8220;][et_pb_row _builder_version=&#8220;4.16&#8243; locked=&#8220;off&#8220; global_colors_info=&#8220;{}&#8220;][et_pb_column type=&#8220;4_4&#8243; _builder_version=&#8220;4.16&#8243; global_colors_info=&#8220;{}&#8220;][et_pb_text _builder_version=&#8220;4.16&#8243; header_2_font=&#8220;Montserrat|800||on|||||&#8220; header_2_text_color=&#8220;#2B343B&#8220; header_2_font_size=&#8220;80px&#8220; header_2_letter_spacing=&#8220;6px&#8220; header_2_line_height=&#8220;1.2em&#8220; text_orientation=&#8220;center&#8220; header_2_font_size_tablet=&#8220;40px&#8220; header_2_font_size_phone=&#8220;30px&#8220; header_2_font_size_last_edited=&#8220;on|phone&#8220; global_colors_info=&#8220;{}&#8220;]<\/p>\n<h2>O NAMA<\/h2>\n<p>[\/et_pb_text][\/et_pb_column][\/et_pb_row][et_pb_row column_structure=&#8220;1_2,1_2&#8243; make_equal=&#8220;on&#8220; _builder_version=&#8220;4.27.0&#8243; max_height=&#8220;861px&#8220; global_colors_info=&#8220;{}&#8220;][et_pb_column type=&#8220;1_2&#8243; _builder_version=&#8220;4.27.0&#8243; border_width_all=&#8220;20px&#8220; border_color_all=&#8220;#2B343B&#8220; global_colors_info=&#8220;{}&#8220;][et_pb_image src=&#8220;https:\/\/d-cosmetics.com\/wp-content\/uploads\/2024\/09\/pocetak2012.jpg&#8220; title_text=&#8220;pocetak2012&#8243; align=&#8220;center&#8220; _builder_version=&#8220;4.27.0&#8243; transform_origin=&#8220;0%|100%&#8220; custom_margin=&#8220;1vw||78vw|-30vw|false|false&#8220; custom_margin_tablet=&#8220;0vw||0vw|0vw|false|false&#8220; custom_margin_phone=&#8220;&#8220; custom_margin_last_edited=&#8220;on|tablet&#8220; mix_blend_mode=&#8220;screen&#8220; scroll_rotating_enable=&#8220;on&#8220; scroll_rotating=&#8220;0|100|100|100|14\u00b0|0\u00b0|0&#8243; scroll_rotating_tablet=&#8220;0|100|100|100|0\u00b0|0\u00b0|0&#8243; scroll_rotating_phone=&#8220;&#8220; scroll_rotating_last_edited=&#8220;on|tablet&#8220; global_colors_info=&#8220;{}&#8220;][\/et_pb_image][\/et_pb_column][et_pb_column type=&#8220;1_2&#8243; _builder_version=&#8220;4.16&#8243; custom_padding=&#8220;7vw||||false|false&#8220; custom_padding_tablet=&#8220;&#8220; custom_padding_phone=&#8220;&#8220; custom_padding_last_edited=&#8220;on|phone&#8220; global_colors_info=&#8220;{}&#8220;][et_pb_text _builder_version=&#8220;4.27.0&#8243; text_font=&#8220;Montserrat||||||||&#8220; text_font_size=&#8220;16px&#8220; text_line_height=&#8220;2em&#8220; max_width=&#8220;800px&#8220; custom_margin=&#8220;|||20px|false|false&#8220; custom_padding=&#8220;||0px|||&#8220; text_font_size_tablet=&#8220;14px&#8220; text_font_size_phone=&#8220;14px&#8220; text_font_size_last_edited=&#8220;on|desktop&#8220; text_line_height_phone=&#8220;1.6em&#8220; text_line_height_last_edited=&#8220;off|desktop&#8220; locked=&#8220;off&#8220; global_colors_info=&#8220;{}&#8220;]<\/p>\n<p>Po\u010deli smo sa idejom da na\u0161im klijentima pru\u017eimo samo najbolje. Tim principom se vodimo i danas. Na\u0161 izbor brendova je rezultat pa\u017eljive analize i posmatranja tr\u017ei\u0161ta. Biramo samo ono \u0161to \u0107e na\u0161im korisnicima pru\u017eiti vrhunske rezultate, poverenje i kvalitet. Tako smo po\u010deli, tako i nastavljamo. Godine iza nas pokazuju da smo izabrali pravi put. Godine pred nama su put koji \u0107emo gratiti kao i do sada&#8230; kvalitetom i rezultatima&#8230;<\/p>\n<p>[\/et_pb_text][et_pb_button button_url=&#8220;@ET-DC@eyJkeW5hbWljIjp0cnVlLCJjb250ZW50IjoicG9zdF9saW5rX3VybF9wYWdlIiwic2V0dGluZ3MiOnsicG9zdF9pZCI6IjE0NiJ9fQ==@&#8220; button_text=&#8220;Saznajte vi\u0161e o na\u0161em putu&#8220; button_alignment=&#8220;left&#8220; _builder_version=&#8220;4.27.0&#8243; _dynamic_attributes=&#8220;button_url&#8220; custom_button=&#8220;on&#8220; button_text_size=&#8220;14px&#8220; button_text_color=&#8220;#000000&#8243; button_bg_color=&#8220;rgba(0,0,0,0)&#8220; button_border_width=&#8220;0px&#8220; button_border_color=&#8220;#3d4a41&#8243; button_border_radius=&#8220;0px&#8220; button_letter_spacing=&#8220;4px&#8220; button_font=&#8220;Montserrat|600||on|||||&#8220; custom_margin=&#8220;|||20px|false|false&#8220; custom_padding=&#8220;|||0px|false|false&#8220; button_text_size_tablet=&#8220;14px&#8220; button_text_size_phone=&#8220;&#8220; button_text_size_last_edited=&#8220;on|phone&#8220; locked=&#8220;off&#8220; global_colors_info=&#8220;{}&#8220;][\/et_pb_button][\/et_pb_column][\/et_pb_row][\/et_pb_section][et_pb_section fb_built=&#8220;1&#8243; admin_label=&#8220;Testimonials&#8220; _builder_version=&#8220;4.16&#8243; background_color=&#8220;#f8f5f3&#8243; background_enable_image=&#8220;off&#8220; custom_padding=&#8220;||||false|false&#8220; global_colors_info=&#8220;{}&#8220;][et_pb_row _builder_version=&#8220;4.16&#8243; background_enable_color=&#8220;off&#8220; custom_padding=&#8220;||0px||false|false&#8220; global_colors_info=&#8220;{}&#8220;][et_pb_column type=&#8220;4_4&#8243; _builder_version=&#8220;4.16&#8243; global_colors_info=&#8220;{}&#8220;][et_pb_slider show_arrows=&#8220;off&#8220; dot_nav_custom_color=&#8220;#2b343b&#8220; _builder_version=&#8220;4.27.0&#8243; header_font=&#8220;||||||||&#8220; body_font=&#8220;Montserrat|800|on||||||&#8220; body_text_color=&#8220;#2b343b&#8220; body_font_size=&#8220;48px&#8220; body_line_height=&#8220;1.4em&#8220; background_color=&#8220;rgba(0,0,0,0)&#8220; custom_padding=&#8220;0px|0px|100px|0px|false|false&#8220; auto=&#8220;on&#8220; auto_speed=&#8220;5000&#8243; auto_ignore_hover=&#8220;on&#8220; body_font_size_tablet=&#8220;25px&#8220; body_font_size_phone=&#8220;16px&#8220; body_font_size_last_edited=&#8220;on|phone&#8220; text_shadow_style=&#8220;preset5&#8243; text_shadow_color=&#8220;rgba(0,0,0,0)&#8220; locked=&#8220;off&#8220; global_colors_info=&#8220;{}&#8220;][et_pb_slide heading=&#8220;@ET-DC@eyJkeW5hbWljIjp0cnVlLCJjb250ZW50IjoicG9zdF9tZXRhX2tleSIsInNldHRpbmdzIjp7ImJlZm9yZSI6IiIsImFmdGVyIjoiIiwibWV0YV9rZXkiOiIyMDEyIiwiZW5hYmxlX2h0bWwiOiJvZmYifX0=@&#8220; _builder_version=&#8220;4.27.0&#8243; _dynamic_attributes=&#8220;heading&#8220; header_font=&#8220;Raleway||||||||&#8220; header_text_color=&#8220;#6B6B6B&#8220; body_font=&#8220;Raleway|800|on||||||&#8220; locked=&#8220;off&#8220; global_colors_info=&#8220;{}&#8220; sticky_transition=&#8220;on&#8220;]<\/p>\n<p>Mislim da Ericson ima mnogo potencijala&#8230;<\/p>\n<p>[\/et_pb_slide][et_pb_slide heading=&#8220;2015&#8243; _builder_version=&#8220;4.27.0&#8243; header_font=&#8220;Raleway||||||||&#8220; header_text_color=&#8220;#6B6B6B&#8220; body_font=&#8220;Raleway|800|on||||||&#8220; locked=&#8220;off&#8220; global_colors_info=&#8220;{}&#8220; sticky_transition=&#8220;on&#8220;]<\/p>\n<p>Treba da ponudimo svima vrhunski kvalitet koji je svima dostupan&#8230;<\/p>\n<p>[\/et_pb_slide][et_pb_slide heading=&#8220;2018&#8243; _builder_version=&#8220;4.27.0&#8243; header_font=&#8220;Raleway||||||||&#8220; header_text_color=&#8220;#6B6B6B&#8220; body_font=&#8220;Raleway|800|on||||||&#8220; locked=&#8220;off&#8220; global_colors_info=&#8220;{}&#8220; sticky_transition=&#8220;on&#8220;]<\/p>\n<p>\u201cKorporacije smanjuju aktivne sastojke radi pove\u0107anja profita, bazriamo se samo na privatnim, ako je mogu\u0107e, porodi\u010dnim kompanijama\u201d<\/p>\n<p>[\/et_pb_slide][et_pb_slide heading=&#8220;2021&#8243; button_text=&#8220;Click Here&#8220; _builder_version=&#8220;4.27.0&#8243; _module_preset=&#8220;default&#8220; header_font=&#8220;Raleway||||||||&#8220; header_text_color=&#8220;#6B6B6B&#8220; body_font=&#8220;Raleway|800|on||||||&#8220; locked=&#8220;off&#8220; global_colors_info=&#8220;{}&#8220; sticky_transition=&#8220;on&#8220;]<\/p>\n<p>Aparati su budu\u0107nost. Oni \u0107e upotpuniti ono \u0161to pru\u017eamo sa na\u0161im brendovima.<\/p>\n<p>[\/et_pb_slide][\/et_pb_slider][\/et_pb_column][\/et_pb_row][\/et_pb_section]<\/p>\n","protected":false},"excerpt":{"rendered":"<p>Najbolja &#8222;Made in Greece&#8220; kozmetika 2022THE PERSONAL PROFESSIONAL COSMETICS Elements Kompletan profesionalni sistem za negu ko\u017ee sa inovativnom tehnologijom.Ameson Kompletan profesionalni sistem za negu ko\u017ee sa inovativnom tehnologijom.Skin Boosters Kompletan [&hellip;]<\/p>\n","protected":false},"author":8,"featured_media":0,"parent":0,"menu_order":0,"comment_status":"closed","ping_status":"closed","template":"","meta":{"_seopress_robots_primary_cat":"","_seopress_titles_title":"","_seopress_titles_desc":"","_seopress_robots_index":"","_et_pb_use_builder":"on","_et_pb_old_content":"","_et_gb_content_width":"","inline_featured_image":false,"footnotes":""},"class_list":["post-80","page","type-page","status-publish","hentry"],"_links":{"self":[{"href":"https:\/\/d-cosmetics.com\/juliettearmand\/wp-json\/wp\/v2\/pages\/80","targetHints":{"allow":["GET"]}}],"collection":[{"href":"https:\/\/d-cosmetics.com\/juliettearmand\/wp-json\/wp\/v2\/pages"}],"about":[{"href":"https:\/\/d-cosmetics.com\/juliettearmand\/wp-json\/wp\/v2\/types\/page"}],"author":[{"embeddable":true,"href":"https:\/\/d-cosmetics.com\/juliettearmand\/wp-json\/wp\/v2\/users\/8"}],"replies":[{"embeddable":true,"href":"https:\/\/d-cosmetics.com\/juliettearmand\/wp-json\/wp\/v2\/comments?post=80"}],"version-history":[{"count":3,"href":"https:\/\/d-cosmetics.com\/juliettearmand\/wp-json\/wp\/v2\/pages\/80\/revisions"}],"predecessor-version":[{"id":250178,"href":"https:\/\/d-cosmetics.com\/juliettearmand\/wp-json\/wp\/v2\/pages\/80\/revisions\/250178"}],"wp:attachment":[{"href":"https:\/\/d-cosmetics.com\/juliettearmand\/wp-json\/wp\/v2\/media?parent=80"}],"curies":[{"name":"wp","href":"https:\/\/api.w.org\/{rel}","templated":true}]}}